lions digit of 6173055635?
3
What is the hundreds digit of 1207909491?
4
What is the units digit of 797775776?
6
What is the ten thousands digit of 2287983328?
8
What is the ten thousands digit of 512808464?
0
What is the hundred millions digit of 1262764198?
2
What is the units digit of 291490664?
4
What is the thousands digit of 5083708?
3
What is the units digit of 1593816237?
7
What is the millions digit of 68489022?
8
What is the thousands digit of 3355803176?
3
What is the hundred thousands digit of 50490077?
4
What is the hundred millions digit of 1713146292?
7
What is the millions digit of 1148720368?
8
What is the tens digit of 38076325?
2
What is the hundred thousands digit of 113408471?
4
What is the hundred thousands digit of 35045598?
0
What is the ten millions digit of 3686883584?
8
What is the ten millions digit of 141696055?
4
What is the thousands digit of 79173819?
3
What is the ten thousands digit of 24284842?
8
What is the ten thousands digit of 51745639?
4
What is the hundred thousands digit of 126597479?
5
What is the hundred thousands digit of 34744878?
7
What is the tens digit of 3039297786?
8
What is the ten thousands digit of 2150952461?
5
What is the ten millions digit of 87720807?
8
What is the tens digit of 294897331?
3
What is the tens digit of 1570755777?
7
What is the ten millions digit of 195240991?
9
What is the thousands digit of 242238441?
8
What is the ten millions digit of 620708363?
2
What is the hundred thousands digit of 10949974?
9
What is the millions digit of 286738374?
6
What is the thousands digit of 59442544?
2
What is the hundred millions digit of 553489207?
5
What is the hundred thousands digit of 214275064?
2
What is the thousands digit of 81390875?
0
What is the hundred millions digit of 829277737?
8
What is the millions digit of 3744491940?
4
What is the billions digit of 5306724008?
5
What is the ten thousands digit of 710157393?
5
What is the hundred millions digit of 2966269391?
9
What is the hundred millions digit of 702895716?
7
What is the hundreds digit of 88800245?
2
What is the hundred thousands digit of 341869073?
8
What is the ten millions digit of 1731494594?
3
What is the thousands digit of 2845014448?
4
What is the units digit of 20219257?
7
What is the ten millions digit of 140794155?
4
What is the hundred thousands digit of 251103676?
1
What is the hundred thousands digit of 941529527?
5
What is the thousands digit of 67317890?
7
What is the millions digit of 32296807?
2
What is the units digit of 12466109?
9
What is the hundred thousands digit of 703226161?
2
What is the ten millions digit of 181569712?
8
What is the hundred thousands digit of 413504301?
5
What is the ten millions digit of 148750884?
4
What is the hundred thousands digit of 60687288?
6
What is the billions digit of 1930575899?
1
What is the hundred thousands digit of 266853631?
8
What is the units digit of 41774610?
0
What is the millions digit of 121232855?
1
What is the millions digit of 188348951?
8
What is the tens digit of 10563105?
0
What is the ten thousands digit of 452713430?
1
What is the tens digit of 749548955?
5
What is the ten millions digit of 160167626?
6
What is the units digit of 25834921?
1
What is the ten thousands digit of 2555387017?
8
What is the ten millions digit of 43501268?
4
What is the ten millions digit of 15731908?
1
What is the ten millions digit of 96401062?
9
What is the hundred thousands digit of 1628826750?
8
What is the tens digit of 2988141510?
1
What is the units digit of 38312087?
7
What is the hundred thousands digit of 163467157?
4
What is the thousands digit of 54610676?
0
What is the ten thousands digit of 7589927?
8
What is the hundred thousands digit of 62552368?
5
What is the ten thousands digit of 523395224?
9
What is the tens digit of 54707699?
9
What is the millions digit of 481825974?
1
What is the tens digit of 190221951?
5
What is the ten millions digit of 11137728?
1
What is the hundred thousands digit of 5308169?
3
What is the ten thousands digit of 36167055?
6
What is the tens digit of 461428141?
4
What is the hundred thousands digit of 460849489?
8
What is the ten millions digit of 305479722?
0
What is the thousands digit of 313388673?
8
What is the thousands digit of 6926786441?
6
What is the tens digit of 275454283?
8
What is the ten millions digit of 3020499986?
2
What is the hundred thousands digit of 3926010128?
0
What is the hundred thousands digit of 15505128?
5
What is the thousands digit of 33921654?
1
What is the hundred millions digit of 863687560?
8
What is the ten thousands digit of 1092516211?
1
What is the millions digit of 650145198?
0
What is the hundreds digit of 78633991?
9
What is the hundred thousands digit of 61139421?
1
What is the millions digit of 3497993691?
7
What is the millions digit of 2018937704?
8
What is the millions digit of 3492499617?
2
What is the tens digit of 50428213?
1
What is the hundreds digit of 126592313?
3
What is the hundred thousands digit of 250177934?
1
What is the millions digit of 360742876?
0
What is the ten thousands digit of 914509639?
0
What is the thousands digit of 170720593?
0
What is the tens digit of 47379507?
0
What is the hundred millions digit of 2968394222?
9
What is the billions digit of 1941926417?
1
What is the hundred millions digit of 271469739?
2
What is the billions digit of 1594079426?
1
What is the tens digit of 112749590?
9
What is the hundred thousands digit of 1043081409?
0
What is the units digit of 3580054?
4
What is the hundred millions digit of 686507700?
6
What is the hundred thousands digit of 1220793132?
7
What is the ten thousands digit of 45359033?
5
What is the hundred millions digit of 996938251?
9
What is the ten millions digit of 106396647?
0
What is the hundred millions digit of 552922624?
5
What is the hundreds digit of 405155434?
4
What is the millions digit of 747668276?
7
What is the millions digit of 1977589066?
7
What is the thousands digit of 12163132?
3
What is the ten thousands digit of 331402993?
0
What is the millions digit of 99192610?
9
What is the thousands digit of 19600517?
0
What is the hundred thousands digit of 437474637?
4
What is the thousands digit of 43805342?
5
What is the hundreds digit of 318464009?
0
What is the ten millions digit of 12204126?
1
What is the thousands digit of 286409567?
9
What is the ten millions digit of 2218838283?
1
What is the hundred millions digit of 296806603?
2
What is the ten millions digit of 501483821?
0
What is the hundreds digit of 145776449?
4
What is the hundred thousands digit of 348837572?
8
What is the ten millions digit of 34778807?
3
What is the ten millions digit of 4425798995?
2
What is the thousands digit of 228442404?
2
What is the ten millions digit of 33556301?
3
What is the tens digit of 41290211?
1
What is the hundreds digit of 228827286?
2
What is the hundred millions digit of 1527631761?
5
What is the ten thousands digit of 222644726?
4
What is the hundred thousands digit of 5058622565?
6
What is the units digit of 2036340027?
7
What is the thousands digit of 893745291?
5
What is the thousands digit of 135670257?
0
What is the ten thousands digit of 208419886?
1
What is the hundreds digit of 2209701852?
8
What is the ten millions digit of 455853815?
5
What is the millions digit of 1898310384?
8
What is the tens digit of 69245429?
2
What is the hundred thousands digit of 206625612?
6
What is the millions digit of 3940843?
3
What is the billions digit of 1192494487?
1
What is the units digit of 488114320?
0
What is the ten millions digit of 41022782?
4
What is the hundreds digit of 57127315?
3
What is the units digit of 60296687?
7
What is the millions digit of 871469999?
1
What is the hundreds digit of 1037495836?
8
What is the ten thousands digit of 517077457?
7
What is the units digit of 156982960?
0
What is the hundred millions digit of 1245725303?
2
What is the units digit of 4979481845?
5
What is the tens digit of 134960793?
9
What is the hundred thousands digit of 43813331?
8
What is the ten millions digit of 371783340?
7
What is the ten thousands digit of 207305811?
0
What is the ten thousands digit of 16459027?
5
What is the hundred thousands digit of 179227937?
2
What is the hun